{"id":136,"date":"2019-04-10T20:27:56","date_gmt":"2019-04-10T18:27:56","guid":{"rendered":"http:\/\/psy-marcq.com\/?page_id=136"},"modified":"2025-12-20T12:03:34","modified_gmt":"2025-12-20T11:03:34","slug":"pour-quoi-pour-qui","status":"publish","type":"page","link":"https:\/\/psy-marcq.com\/index.php\/pour-quoi-pour-qui\/","title":{"rendered":"Pour quoi ? Pour qui ?"},"content":{"rendered":"\n<p class=\"has-off-white-background-color has-background has-medium-font-size\">La <strong>gestalt-th\u00e9rapie<\/strong> s\u2019adresse \u00e0 toute personne qui d\u00e9sire :<br>&#8211; mieux <strong>se connaitre<\/strong><br>&#8211; amorcer un <strong>changement<\/strong><br> &#8211;<strong>se d\u00e9velopper<\/strong> sur le plan personnel <br>&#8211; trouver un <strong>soutien<\/strong> \u00a0psychologique pour faire face \u00e0 des difficult\u00e9s que seul.e.s, nous n\u2019arrivons plus \u00e0 r\u00e9soudre.<br><br> La <strong><strong>gestalt-th\u00e9rapie<\/strong><\/strong> convient \u00e0 toute personne\u00a0: <br> &#8211; qui traverse une <strong>crise existentielle<\/strong>\u00a0: questions sur le sens de sa vie, quel tournant amorcer dans son existence <br>&#8211; qui traverse des <strong>\u00e9v\u00e9nements de vie douloureux<\/strong>\u00a0comme le deuil, la s\u00e9paration<br>&#8211; qui traverse la <strong>maladie<\/strong>, la <strong>d\u00e9pression<\/strong><br>&#8211; qui est <strong>victime<\/strong> d\u2019un <strong>accident<\/strong>, d&rsquo;un <strong>trauma<\/strong><br>&#8211; qui a fait un <strong>burn-out<\/strong>, ou <strong>bore-out<\/strong><br>&#8211; qui est <strong>en recherche d&#8217;emploi<\/strong><br><strong>&#8211; <\/strong>qui rencontre des<strong> difficult\u00e9s de couple<\/strong>, s&rsquo;interroge autour de la <strong>sexualit\u00e9<\/strong>, se pose des <strong>questions de parentalit\u00e9<\/strong>  <br>&#8211; qui \u00e9prouve des<strong> difficult\u00e9s relationnelles<\/strong> dans les liens d\u2019amiti\u00e9, dans le <strong>milieu professionnel<\/strong><br>&#8211; qui rencontre des <strong>troubles alimentaires, du sommeil<\/strong> <br> <strong>&#8211; <\/strong>qui a du mal \u00e0<strong> g\u00e9rer ses \u00e9motions : col\u00e8re, rage, tristesse, d\u00e9sespoir, peur, angoisse, euphorie, honte, culpabilit\u00e9, d\u00e9go\u00fbt<\/strong> . <\/p>\n\n\n\n<h2>Mes partenaires<\/h2>\n\n\n\n<p class=\"has-off-white-background-color has-background has-medium-font-size\"><strong>Champ-G<\/strong> : institut de formation en gestalt-th\u00e9rapie de Lille <a href=\"http:\/\/www.champg.com\/\">http:\/\/www.champg.com<\/a><br><strong>CEFoRT<\/strong> : <a href=\"https:\/\/cefort.fr\" data-type=\"URL\" data-id=\"https:\/\/cefort.fr\">https:\/\/cefort.fr<\/a><br><strong>Asso PGRO<\/strong> : <a href=\"https:\/\/www.assopgro.com\/\">https:\/\/www.assopgro.com\/<\/a><\/p>\n\n\n\n<p class=\"has-off-white-background-color has-background has-medium-font-size\"><strong>ANCRAGE<\/strong> :  Association Nordiste pour favoriser le Contact, les Rencontres et l&rsquo;Assistance entre Gestaltistes : <br><a href=\"http:\/\/www.ancrage-gestalt.fr\">http:\/\/www.ancrage-gestalt.fr<\/a><br> <strong>SFG<\/strong> : Soci\u00e9t\u00e9 Fran\u00e7aise de Gestalt : <br><a href=\"http:\/\/www.sfg-gestalt.com\/\">http:\/\/www.sfg-gestalt.com\/<\/a><br><\/p>\n\n\n\n<p class=\"has-white-color has-text-color\"><strong>Mouvaux, Marcq-en-Baroeul, Tourcoing, Bondues, Wasquehal, Croix, Roubaix, Neuville-en-Ferrain, Roncq, Halluin, Leers, Lys-lez-Lannoy, Hem, Lille, Wattrelos, <\/strong><\/p>\n","protected":false},"excerpt":{"rendered":"<p>La gestalt-th\u00e9rapie s\u2019adresse \u00e0 toute personne qui d\u00e9sire :&#8211; mieux se connaitre&#8211; amorcer un changement &#8211;se d\u00e9velopper sur le plan personnel &#8211; trouver un soutien \u00a0psychologique pour faire face \u00e0 des difficult\u00e9s que seul.e.s, nous n\u2019arrivons plus \u00e0 r\u00e9soudre. La gestalt-th\u00e9rapie convient \u00e0 toute personne\u00a0: &#8211; qui traverse une crise existentielle\u00a0: questions sur le sens &hellip; <a href=\"https:\/\/psy-marcq.com\/index.php\/pour-quoi-pour-qui\/\" class=\"more-link\">Continuer la lecture de <span class=\"screen-reader-text\">Pour quoi ? Pour qui ?<\/span> <span class=\"meta-nav\">&rarr;<\/span><\/a><\/p>\n","protected":false},"author":1,"featured_media":0,"parent":0,"menu_order":0,"comment_status":"closed","ping_status":"closed","template":"","meta":[],"_links":{"self":[{"href":"https:\/\/psy-marcq.com\/index.php\/wp-json\/wp\/v2\/pages\/136"}],"collection":[{"href":"https:\/\/psy-marcq.com\/index.php\/wp-json\/wp\/v2\/pages"}],"about":[{"href":"https:\/\/psy-marcq.com\/index.php\/wp-json\/wp\/v2\/types\/page"}],"author":[{"embeddable":true,"href":"https:\/\/psy-marcq.com\/index.php\/wp-json\/wp\/v2\/users\/1"}],"replies":[{"embeddable":true,"href":"https:\/\/psy-marcq.com\/index.php\/wp-json\/wp\/v2\/comments?post=136"}],"version-history":[{"count":22,"href":"https:\/\/psy-marcq.com\/index.php\/wp-json\/wp\/v2\/pages\/136\/revisions"}],"predecessor-version":[{"id":564,"href":"https:\/\/psy-marcq.com\/index.php\/wp-json\/wp\/v2\/pages\/136\/revisions\/564"}],"wp:attachment":[{"href":"https:\/\/psy-marcq.com\/index.php\/wp-json\/wp\/v2\/media?parent=136"}],"curies":[{"name":"wp","href":"https:\/\/api.w.org\/{rel}","templated":true}]}}